 is the tens digit of 8854582870?
7
What is the hundreds digit of 777718171?
1
What is the thousands digit of 398676271?
6
What is the ten thousands digit of 429373389?
7
What is the hundreds digit of 162198140?
1
What is the thousands digit of 494572309?
2
What is the ten millions digit of 61283600?
6
What is the thousands digit of 790411387?
1
What is the hundred thousands digit of 165167489?
1
What is the ten millions digit of 18016566?
1
What is the units digit of 73475797?
7
What is the hundred thousands digit of 1339206461?
2
What is the hundred millions digit of 1437210929?
4
What is the tens digit of 5594864?
6
What is the hundred millions digit of 304727177?
3
What is the tens digit of 350014395?
9
What is the hundred millions digit of 102007586?
1
What is the ten thousands digit of 2904300165?
0
What is the hundreds digit of 2097286430?
4
What is the tens digit of 310194025?
2
What is the hundred thousands digit of 519614926?
6
What is the tens digit of 3181548037?
3
What is the units digit of 218006219?
9
What is the hundreds digit of 1329394053?
0
What is the hundred millions digit of 622075169?
6
What is the thousands digit of 5952142?
2
What is the hundred thousands digit of 1293990?
2
What is the hundreds digit of 203381204?
2
What is the millions digit of 32229326?
2
What is the tens digit of 70574734?
3
What is the ten thousands digit of 26695939?
9
What is the millions digit of 7329998242?
9
What is the hundreds digit of 55423466?
4
What is the hundred millions digit of 270816416?
2
What is the units digit of 324117988?
8
What is the billions digit of 1216210072?
1
What is the units digit of 1859433103?
3
What is the hundreds digit of 2020564?
5
What is the thousands digit of 248248033?
8
What is the tens digit of 2070753427?
2
What is the tens digit of 1556804647?
4
What is the units digit of 134290695?
5
What is the ten millions digit of 20165191?
2
What is the thousands digit of 33552651?
2
What is the millions digit of 4369511210?
9
What is the hundreds digit of 79339562?
5
What is the millions digit of 170446089?
0
What is the hundred thousands digit of 1972416054?
4
What is the ten thousands digit of 6141370988?
7
What is the hundred millions digit of 217170104?
2
What is the millions digit of 32582868?
2
What is the hundreds digit of 206262312?
3
What is the millions digit of 776412424?
6
What is the thousands digit of 31540?
1
What is the tens digit of 61698837?
3
What is the hundreds digit of 110138374?
3
What is the millions digit of 200886747?
0
What is the tens digit of 71977714?
1
What is the hundred thousands digit of 22176754?
1
What is the thousands digit of 122688273?
8
What is the thousands digit of 280237489?
7
What is the millions digit of 55555837?
5
What is the tens digit of 378585225?
2
What is the hundred millions digit of 284105275?
2
What is the ten millions digit of 116697262?
1
What is the thousands digit of 5597470703?
0
What is the thousands digit of 812067512?
7
What is the units digit of 6138701478?
8
What is the millions digit of 433414854?
3
What is the millions digit of 906083547?
6
What is the hundred millions digit of 803908061?
8
What is the thousands digit of 214286188?
6
What is the units digit of 195911?
1
What is the ten thousands digit of 46580611?
8
What is the hundreds digit of 144762398?
3
What is the hundred thousands digit of 2876818?
8
What is the millions digit of 745617369?
5
What is the hundred thousands digit of 19724404?
7
What is the hundreds digit of 1992722?
7
What is the hundred millions digit of 2372028729?
3
What is the units digit of 1145770462?
2
What is the thousands digit of 313321794?
1
What is the hundreds digit of 736807574?
5
What is the thousands digit of 118419816?
9
What is the tens digit of 73965825?
2
What is the millions digit of 6955545?
6
What is the units digit of 37937638?
8
What is the ten thousands digit of 402764083?
6
What is the ten thousands digit of 1709264413?
6
What is the hundred thousands digit of 103549462?
5
What is the hundreds digit of 175024916?
9
What is the hundred thousands digit of 4271038007?
0
What is the hundreds digit of 1030172051?
0
What is the ten millions digit of 318557429?
1
What is the millions digit of 177960192?
7
What is the hundred thousands digit of 866055104?
0
What is the hundreds digit of 388068329?
3
What is the millions digit of 957980594?
7
What is the ten thousands digit of 59010477?
1
What is the hundreds digit of 51492482?
4
What is the hundreds digit of 85287006?
0
What is the hundred millions digit of 358170624?
3
What is the millions digit of 1744434646?
4
What is the thousands digit of 36502917?
2
What is the hundreds digit of 58417052?
0
What is the thousands digit of 322038606?
8
What is the hundreds digit of 197136987?
9
What is the ten thousands digit of 1933962131?
6
What is the hundreds digit of 36961585?
5
What is the millions digit of 389044893?
9
What is the hundred millions digit of 175051631?
1
What is the units digit of 4198577593?
3
What is the ten millions digit of 186834433?
8
What is the ten thousands digit of 6163290244?
9
What is the hundred thousands digit of 724508556?
5
What is the hundreds digit of 785713614?
6
What is the ten millions digit of 881968108?
8
What is the tens digit of 53672470?
7
What is the tens digit of 107273551?
5
What is the tens digit of 205210435?
3
What is the hundred millions digit of 1375201109?
3
What is the hundreds digit of 510897080?
0
What is the units digit of 5927470736?
6
What is the hundred millions digit of 273662932?
2
What is the tens digit of 7088954235?
3
What is the tens digit of 93725759?
5
What is the units digit of 575766745?
5
What is the tens digit of 3300235189?
8
What is the units digit of 211679659?
9
What is the units digit of 2579248310?
0
What is the billions digit of 1423601305?
1
What is the hundreds digit of 52894811?
8
What is the hundreds digit of 2339501814?
8
What is the hundred millions digit of 1221820004?
2
What is the thousands digit of 4222320?
2
What is the tens digit of 11831621?
2
What is the ten thousands digit of 433490458?
9
What is the tens digit of 410449338?
3
What is the thousands digit of 1108166798?
6
What is the ten thousands digit of 28142771?
4
What is the hundred millions digit of 370403157?
3
What is the hundred thousands digit of 503471132?
4
What is the millions digit of 3252289401?
2
What is the units digit of 50698053?
3
What is the units digit of 42027792?
2
What is the thousands digit of 32023245?
3
What is the hundreds digit of 2112465399?
3
What is the units digit of 65229137?
7
What is the millions digit of 288169194?
8
What is the tens digit of 424030704?
0
What is the hundreds digit of 1258170635?
6
What is the ten thousands digit of 113921739?
2
What is the millions digit of 39978331?
9
What is the units digit of 4416945653?
3
What is the millions digit of 303214155?
3
What is the hundred thousands digit of 130274240?
2
What is the millions digit of 849785933?
9
What is the ten millions digit of 4249611932?
4
What is the thousands digit of 1107997977?
7
What is the hundred millions digit of 962122956?
9
What is the ten millions digit of 34286938?
3
What is the ten millions digit of 123216428?
2
What is the tens digit of 110600077?
7
What is the millions digit of 51386283?
1
What is the hundred thousands digit of 1140194353?
1
What is the tens digit of 5225416?
1
What is the billions digit of 3504805266?
3
What is the units digit of 42850208?
8
What is the millions digit of 116203740?
6
What is the hundreds digit of 33650984?
9
What is the ten thousands digit of 506046600?
4
What is the hundreds digit of 2644893589?
5
What is the ten millions digit of 1415558929?
1
What is the billions digit of 2737549800?
2
What is the tens digit of 1751969251?
5
What is the tens digit of 9538706?
0
What is the ten millions digit of 518777252?
1
What is the hundred thousands digit of 928076881?
0
What is the hundred millions digit of 217963113?
2
What is the units digit of 2404070039?
9
What is the tens digit of 1623239502?
0
What is the units digit of 192649799?
9
What is the billions digit of 3943926368?
3
What is the units digit of 79694901?
1
What is the units digit of 62275164?
4
What is the ten 